{"id":3756,"date":"2020-05-19T13:40:05","date_gmt":"2020-05-19T13:40:05","guid":{"rendered":"https:\/\/cuatroideasgroup.com.ar\/demos\/?page_id=3756"},"modified":"2021-05-22T22:28:15","modified_gmt":"2021-05-23T01:28:15","slug":"formas-de-envio","status":"publish","type":"page","link":"https:\/\/cuatroideasgroup.com.ar\/demos\/formas-de-envio\/","title":{"rendered":"Formas de Env\u00edo"},"content":{"rendered":"\n  <div id=\"page-header-105744810\" class=\"page-header-wrapper\">\n  <div class=\"page-title light divided-title\">\n\n    \n    <div class=\"page-title-inner container align-center text-center flex-row-col medium-flex-wrap\" >\n              <div class=\"title-wrapper is-larger flex-col\">\n          <h1 class=\"entry-title mb-0\">\n            Formas de env\u00edo y pago          <\/h1>\n        <\/div>\n                    <div class=\"title-content flex-col\">\n              <\/div>\n    <\/div>\n\n       <\/div>\n  <div class=\"container header-wrapper-divider\"><hr\/><\/div>  <\/div>\n  \n\n<div class=\"row row-collapse\" style=\"max-width:800px\" id=\"row-342752708\">\n\n\n\t<div id=\"col-17013544\" class=\"col small-12 large-12\"  >\n\t\t\t\t<div class=\"col-inner\"  >\n\t\t\t\n\t\t\t\n\n<h4 style=\"text-align: center;\"><strong>FORMAS DE <\/strong><b>ENV\u00cdO<\/b><\/h4>\n<p style=\"text-align: center;\"> Los env\u00edos son mediante expreso o mensajer\u00eda ,a convenir con el cliente. El env\u00edo va siempre a cargo del cliente. Realizado el pago tenes que calcular entre 4 a 10 d\u00edas h\u00e1biles dependiendo del medio de transporte elegido.<\/p>\n<p style=\"text-align: center;\">Adem\u00e1s te brindamos la opci\u00f3n de retirar en el local la mercader\u00eda. (Ruperto Godoy 721)<\/p>\n<p>\u00a0<\/p>\n<hr \/>\n<h4>\u00a0<\/h4>\n<h4 style=\"text-align: center;\"><strong>FORMAS DE PAGO<\/strong><\/h4>\n<p style=\"text-align: center;\">Podes abonar en <strong>EFECTIVO<\/strong> retirando en el local. Tambi\u00e9n a trav\u00e9s de <strong>DEP\u00d3SITO<\/strong> en la cuenta bancaria. Los m\u00e9todos de <strong>TRANSFERENCIA<\/strong> bancaria y <strong>MERCADO PAGO<\/strong> (que tiene un recargo del 10% en el total de la compra).<\/p>\n\n\t\t<\/div>\n\t\t\t\t\t<\/div>\n\n\t\n\n<\/div>\n\n","protected":false},"excerpt":{"rendered":"","protected":false},"author":1,"featured_media":0,"parent":0,"menu_order":0,"comment_status":"closed","ping_status":"closed","template":"","meta":{"footnotes":""},"class_list":["post-3756","page","type-page","status-publish","hentry"],"_links":{"self":[{"href":"https:\/\/cuatroideasgroup.com.ar\/demos\/wp-json\/wp\/v2\/pages\/3756","targetHints":{"allow":["GET"]}}],"collection":[{"href":"https:\/\/cuatroideasgroup.com.ar\/demos\/wp-json\/wp\/v2\/pages"}],"about":[{"href":"https:\/\/cuatroideasgroup.com.ar\/demos\/wp-json\/wp\/v2\/types\/page"}],"author":[{"embeddable":true,"href":"https:\/\/cuatroideasgroup.com.ar\/demos\/wp-json\/wp\/v2\/users\/1"}],"replies":[{"embeddable":true,"href":"https:\/\/cuatroideasgroup.com.ar\/demos\/wp-json\/wp\/v2\/comments?post=3756"}],"version-history":[{"count":8,"href":"https:\/\/cuatroideasgroup.com.ar\/demos\/wp-json\/wp\/v2\/pages\/3756\/revisions"}],"predecessor-version":[{"id":12212,"href":"https:\/\/cuatroideasgroup.com.ar\/demos\/wp-json\/wp\/v2\/pages\/3756\/revisions\/12212"}],"wp:attachment":[{"href":"https:\/\/cuatroideasgroup.com.ar\/demos\/wp-json\/wp\/v2\/media?parent=3756"}],"curies":[{"name":"wp","href":"https:\/\/api.w.org\/{rel}","templated":true}]}}